{"id":1239,"date":"2024-02-09T15:16:26","date_gmt":"2024-02-09T14:16:26","guid":{"rendered":"https:\/\/viveka.bio\/?post_type=product&#038;p=1239"},"modified":"2024-03-15T09:54:26","modified_gmt":"2024-03-15T08:54:26","slug":"harmonisation-energetique-dune-personne","status":"publish","type":"product","link":"https:\/\/viveka.bio\/index.php\/produit\/harmonisation-energetique-dune-personne\/","title":{"rendered":"Harmonisation \u00e9nerg\u00e9tique d&rsquo;une personne (3 s\u00e9ances)"},"content":{"rendered":"<p>3 s\u00e9ances d&rsquo;harmonisation d&rsquo;une personne.<\/p>\n<p>Ces s\u00e9ances comprennent un nettoyage des corps \u00e9th\u00e9rique, \u00e9motionnel et mental.<\/p>\n<p>Ces s\u00e9ances comprennent :<\/p>\n<ul>\n<li>L&rsquo;enl\u00e8vement des parasites astraux, implants et blocages (r\u00e9current \u00e0 chaque s\u00e9ance)<\/li>\n<li>Le nettoyage des chocs et m\u00e9moires<\/li>\n<li>Le retrait des liens de d\u00e9pendance et des structures m\u00e9moires<\/li>\n<li>L&rsquo;harmonisation sp\u00e9cifique \u00e0 vos besoins<\/li>\n<li>Nettoyage des corps \u00e9th\u00e9riques, \u00e9motionnel, mental et causal<\/li>\n<li>Contr\u00f4le des blocages \u00e9nerg\u00e9tique du corps physiques<\/li>\n<li>Contr\u00f4le des blocages \u00e9nerg\u00e9tique des chakras de la joie<\/li>\n<li>Contr\u00f4le de la circulation des \u00e9nergies \u00e9th\u00e9riques<\/li>\n<\/ul>\n<p>Merci de remplir le questionnaire et d&rsquo;y joindre les photos demand\u00e9s. Un compte-rendu vous sera envoy\u00e9 \u00e0 la fin de chaque s\u00e9ance.<\/p>\n","protected":false},"excerpt":{"rendered":"<p>3 s\u00e9ances d&rsquo;harmonisation d&rsquo;une personne pour nettoyer les corps \u00e9th\u00e9rique, \u00e9motionnel et mental en plus du corps physique.<\/p>\n<p>Merci de remplir le questionnaire et d&rsquo;y joindre les photos demand\u00e9s. Un compte-rendu vous sera envoy\u00e9 \u00e0 la fin de chaque s\u00e9ance.<\/p>\n","protected":false},"featured_media":1135,"template":"","meta":[],"product_brand":[],"product_cat":[20],"product_tag":[],"class_list":{"0":"post-1239","1":"product","2":"type-product","3":"status-publish","4":"has-post-thumbnail","6":"product_cat-curotherapie","8":"first","9":"instock","10":"shipping-taxable","11":"purchasable","12":"product-type-simple"},"jetpack_sharing_enabled":true,"_links":{"self":[{"href":"https:\/\/viveka.bio\/index.php\/wp-json\/wp\/v2\/product\/1239","targetHints":{"allow":["GET"]}}],"collection":[{"href":"https:\/\/viveka.bio\/index.php\/wp-json\/wp\/v2\/product"}],"about":[{"href":"https:\/\/viveka.bio\/index.php\/wp-json\/wp\/v2\/types\/product"}],"wp:featuredmedia":[{"embeddable":true,"href":"https:\/\/viveka.bio\/index.php\/wp-json\/wp\/v2\/media\/1135"}],"wp:attachment":[{"href":"https:\/\/viveka.bio\/index.php\/wp-json\/wp\/v2\/media?parent=1239"}],"wp:term":[{"taxonomy":"product_brand","embeddable":true,"href":"https:\/\/viveka.bio\/index.php\/wp-json\/wp\/v2\/product_brand?post=1239"},{"taxonomy":"product_cat","embeddable":true,"href":"https:\/\/viveka.bio\/index.php\/wp-json\/wp\/v2\/product_cat?post=1239"},{"taxonomy":"product_tag","embeddable":true,"href":"https:\/\/viveka.bio\/index.php\/wp-json\/wp\/v2\/product_tag?post=1239"}],"curies":[{"name":"wp","href":"https:\/\/api.w.org\/{rel}","templated":true}]}}