{"id":15,"date":"2023-07-01T11:47:05","date_gmt":"2023-07-01T09:47:05","guid":{"rendered":"https:\/\/viveka.bio\/?page_id=15"},"modified":"2025-11-10T11:34:39","modified_gmt":"2025-11-10T10:34:39","slug":"pratiques","status":"publish","type":"page","link":"https:\/\/viveka.bio\/index.php\/pratiques\/","title":{"rendered":"Pratiques"},"content":{"rendered":"\t\t<div data-elementor-type=\"wp-page\" data-elementor-id=\"15\" class=\"elementor elementor-15\">\n\t\t\t\t\t\t<section class=\"elementor-section elementor-top-section elementor-element elementor-element-28c3775 animated-slow elementor-section-boxed elementor-section-height-default elementor-section-height-default elementor-invisible\" data-id=\"28c3775\" data-element_type=\"section\" data-e-type=\"section\" data-settings=\"{&quot;animation&quot;:&quot;fadeIn&quot;}\">\n\t\t\t\t\t\t<div class=\"elementor-container elementor-column-gap-default\">\n\t\t\t\t\t<div class=\"elementor-column elementor-col-50 elementor-top-column elementor-element elementor-element-2b33eda\" data-id=\"2b33eda\" data-element_type=\"column\" data-e-type=\"column\">\n\t\t\t<div class=\"elementor-widget-wrap elementor-element-populated\">\n\t\t\t\t\t\t<div class=\"elementor-element elementor-element-2aaba9c animated-fast elementor-widget elementor-widget-text-editor\" data-id=\"2aaba9c\" data-element_type=\"widget\" data-e-type=\"widget\" data-settings=\"{&quot;_animation&quot;:&quot;none&quot;}\" data-widget_type=\"text-editor.default\">\n\t\t\t\t<div class=\"elementor-widget-container\">\n\t\t\t\t\t\t\t\t\t<p><span style=\"text-decoration: underline;\"><strong>Bilan g\u00e9n\u00e9ral<\/strong>\u00a0<\/span><\/p><p>Ce bilan n\u00e9cessite d\u2019\u00eatre le plus complet possible. Il concerne l\u2019ensemble des comportements alimentaires, le syst\u00e8me digestif, le sommeil, la gestion du stress et des \u00e9motions de la personne. C\u2019est un \u00e9change qui permet de prioriser les demandes et de chercher la cause de la cause\u00a0 tout en appr\u00e9hendant les habitudes et les besoins d&rsquo;un individu.<\/p><p>\u00a0<\/p><p><strong><span style=\"text-decoration: underline;\">Bilan nutritionnel<\/span>\u00a0<\/strong><\/p><p>Apr\u00e8s avoir fait une \u00e9valuation de l\u2019alimentation de la personne, nous pouvons envisager un programme de perte ou de prise de poids ou bien encore un \u00e9quilibrage alimentaire dont le mot r\u00e9gime est banni.<\/p><p>\u00a0<\/p><p><span style=\"text-decoration: underline;\"><strong>Micronutrition<\/strong>\u00a0<\/span><\/p><p>Il s\u2019agit l\u00e0 de prendre en compte les exc\u00e8s et les carences en micro-nutriments (vitamines, oligo-\u00e9l\u00e9ments, min\u00e9raux, hormones, neurotransmetteurs\u2026) pouvant \u00eatre la source de nombreux d\u00e9s\u00e9quilibres physiques comme psychologiques.<\/p><p><strong>\u00a0<\/strong><\/p><p>\u00a0<\/p>\t\t\t\t\t\t\t\t<\/div>\n\t\t\t\t<\/div>\n\t\t\t\t\t<\/div>\n\t\t<\/div>\n\t\t\t\t<div class=\"elementor-column elementor-col-50 elementor-top-column elementor-element elementor-element-8203921\" data-id=\"8203921\" data-element_type=\"column\" data-e-type=\"column\">\n\t\t\t<div class=\"elementor-widget-wrap elementor-element-populated\">\n\t\t\t\t\t\t<div class=\"elementor-element elementor-element-fce6e18 animated-slow elementor-widget elementor-widget-image\" data-id=\"fce6e18\" data-element_type=\"widget\" data-e-type=\"widget\" data-settings=\"{&quot;_animation&quot;:&quot;none&quot;}\" data-widget_type=\"image.default\">\n\t\t\t\t<div class=\"elementor-widget-container\">\n\t\t\t\t\t\t\t\t\t\t\t\t\t\t\t<img fetchpriority=\"high\" decoding=\"async\" width=\"683\" height=\"1024\" src=\"https:\/\/viveka.bio\/wp-content\/uploads\/2023\/07\/pexels-karolina-grabowska-4041232.jpg\" class=\"attachment-medium_large size-medium_large wp-image-260\" alt=\"\" srcset=\"https:\/\/viveka.bio\/wp-content\/uploads\/2023\/07\/pexels-karolina-grabowska-4041232.jpg 683w, https:\/\/viveka.bio\/wp-content\/uploads\/2023\/07\/pexels-karolina-grabowska-4041232-200x300.jpg 200w\" sizes=\"(max-width: 683px) 100vw, 683px\" \/>\t\t\t\t\t\t\t\t\t\t\t\t\t\t\t<\/div>\n\t\t\t\t<\/div>\n\t\t\t\t\t<\/div>\n\t\t<\/div>\n\t\t\t\t\t<\/div>\n\t\t<\/section>\n\t\t\t\t<section class=\"elementor-section elementor-top-section elementor-element elementor-element-75e27f5 animated-slow elementor-section-boxed elementor-section-height-default elementor-section-height-default elementor-invisible\" data-id=\"75e27f5\" data-element_type=\"section\" data-e-type=\"section\" data-settings=\"{&quot;animation&quot;:&quot;fadeIn&quot;}\">\n\t\t\t\t\t\t<div class=\"elementor-container elementor-column-gap-default\">\n\t\t\t\t\t<div class=\"elementor-column elementor-col-50 elementor-top-column elementor-element elementor-element-bbdb19d\" data-id=\"bbdb19d\" data-element_type=\"column\" data-e-type=\"column\">\n\t\t\t<div class=\"elementor-widget-wrap elementor-element-populated\">\n\t\t\t\t\t\t<div class=\"elementor-element elementor-element-ccf06ff animated-slow elementor-widget elementor-widget-image\" data-id=\"ccf06ff\" data-element_type=\"widget\" data-e-type=\"widget\" data-settings=\"{&quot;_animation&quot;:&quot;none&quot;}\" data-widget_type=\"image.default\">\n\t\t\t\t<div class=\"elementor-widget-container\">\n\t\t\t\t\t\t\t\t\t\t\t\t\t\t\t<img decoding=\"async\" width=\"480\" height=\"480\" src=\"https:\/\/viveka.bio\/wp-content\/uploads\/2023\/10\/reflexologie-plantaire-2.jpg\" class=\"attachment-large size-large wp-image-1046\" alt=\"\" srcset=\"https:\/\/viveka.bio\/wp-content\/uploads\/2023\/10\/reflexologie-plantaire-2.jpg 480w, https:\/\/viveka.bio\/wp-content\/uploads\/2023\/10\/reflexologie-plantaire-2-300x300.jpg 300w, https:\/\/viveka.bio\/wp-content\/uploads\/2023\/10\/reflexologie-plantaire-2-100x100.jpg 100w, https:\/\/viveka.bio\/wp-content\/uploads\/2023\/10\/reflexologie-plantaire-2-150x150.jpg 150w\" sizes=\"(max-width: 480px) 100vw, 480px\" \/>\t\t\t\t\t\t\t\t\t\t\t\t\t\t\t<\/div>\n\t\t\t\t<\/div>\n\t\t\t\t\t<\/div>\n\t\t<\/div>\n\t\t\t\t<div class=\"elementor-column elementor-col-50 elementor-top-column elementor-element elementor-element-73a0e6a\" data-id=\"73a0e6a\" data-element_type=\"column\" data-e-type=\"column\">\n\t\t\t<div class=\"elementor-widget-wrap elementor-element-populated\">\n\t\t\t\t\t\t<div class=\"elementor-element elementor-element-86b426c animated-fast elementor-widget elementor-widget-text-editor\" data-id=\"86b426c\" data-element_type=\"widget\" data-e-type=\"widget\" data-settings=\"{&quot;_animation&quot;:&quot;none&quot;}\" data-widget_type=\"text-editor.default\">\n\t\t\t\t<div class=\"elementor-widget-container\">\n\t\t\t\t\t\t\t\t\t<p style=\"color: #6c4894; font-size: 22px;\"><span style=\"font-weight: bolder;\"><span style=\"text-decoration-line: underline;\">Podo r\u00e9flexologie<\/span>\u00a0<\/span><\/p><p style=\"color: #6c4894; font-size: 22px;\">La r\u00e9flexologie plantaire ou podo-r\u00e9flexologie est une pratique manuelle pouvant r\u00e9\u00e9quilibrer un d\u00e9sordre en observant celui-ci dans son contexte, c\u2019est-\u00e0-dire en relation avec l\u2019individu dans sa globalit\u00e9. Chaque partie du corps humain est repr\u00e9sent\u00e9e \u00e0 un endroit d\u00e9termin\u00e9 du pied appel\u00e9e zone r\u00e9flexe. Celle-ci est la projection en miniature de cette partie. C\u2019est ainsi que tous les organes et leurs fonctions physiologiques tels que les appareils respiratoire, digestif, sensoriel, urinaire, musculo-articulaire, ont leur disposition pr\u00e9cise sur les pieds.<\/p><p style=\"color: #6c4894; font-size: 22px;\">\u00a0<\/p><p style=\"color: #6c4894; font-size: 22px;\">\u00a0<\/p>\t\t\t\t\t\t\t\t<\/div>\n\t\t\t\t<\/div>\n\t\t\t\t\t<\/div>\n\t\t<\/div>\n\t\t\t\t\t<\/div>\n\t\t<\/section>\n\t\t\t\t<section class=\"elementor-section elementor-top-section elementor-element elementor-element-5f888b8 animated-slow elementor-section-boxed elementor-section-height-default elementor-section-height-default elementor-invisible\" data-id=\"5f888b8\" data-element_type=\"section\" data-e-type=\"section\" data-settings=\"{&quot;animation&quot;:&quot;fadeIn&quot;}\">\n\t\t\t\t\t\t<div class=\"elementor-container elementor-column-gap-default\">\n\t\t\t\t\t<div class=\"elementor-column elementor-col-50 elementor-top-column elementor-element elementor-element-7362a9e\" data-id=\"7362a9e\" data-element_type=\"column\" data-e-type=\"column\">\n\t\t\t<div class=\"elementor-widget-wrap elementor-element-populated\">\n\t\t\t\t\t\t<div class=\"elementor-element elementor-element-295a4ac animated-fast elementor-widget elementor-widget-text-editor\" data-id=\"295a4ac\" data-element_type=\"widget\" data-e-type=\"widget\" data-settings=\"{&quot;_animation&quot;:&quot;none&quot;}\" data-widget_type=\"text-editor.default\">\n\t\t\t\t<div class=\"elementor-widget-container\">\n\t\t\t\t\t\t\t\t\t<p style=\"color: #6c4894; font-size: 22px;\"><span style=\"font-weight: bolder;\"><u>Auriculoth\u00e9rapie<\/u><\/span><\/p>\n<p style=\"color: #6c4894; font-size: 22px;\">L&rsquo;auriculoth\u00e9rapie est une technique d&rsquo;acupuncture au sein de laquelle le th\u00e9rapeute stimule des points situ\u00e9s dans le pavillon de l&rsquo;oreille afin de r\u00e9gler la probl\u00e9matique de la personne.<\/p>\n<p style=\"color: #6c4894; font-size: 22px;\"><span style=\"font-weight: bolder;\">&nbsp;<\/span><\/p>\n<p style=\"color: #6c4894; font-size: 22px;\">Cette technique est tr\u00e8s ancienne et a \u00e9t\u00e9 red\u00e9couverte et d\u00e9velopp\u00e9e en 1951 par le docteur lyonnais : Paul Fran\u00e7ois Marie NOGIER qui a mis en lumi\u00e8re une cartographie du pavillon auriculaire repr\u00e9sentant le f\u0153tus. En 1987, l&rsquo;Auriculoth\u00e9rapie est devenue une pratique officiellement reconnue par l&rsquo;O.M.S. Depuis, cette technique est enseign\u00e9e dans de nombreuses facult\u00e9s.<\/p>\n<p style=\"color: #6c4894; font-size: 22px;\">Les indications principales de l&rsquo;auriculoth\u00e9rapie sont&nbsp;la douleur, le sevrage du tabac, le stress.<\/p>\n<p style=\"color: #6c4894; font-size: 22px;\">\n<\/p><p style=\"color: #6c4894; font-size: 22px;\">\n<\/p>\t\t\t\t\t\t\t\t<\/div>\n\t\t\t\t<\/div>\n\t\t\t\t\t<\/div>\n\t\t<\/div>\n\t\t\t\t<div class=\"elementor-column elementor-col-50 elementor-top-column elementor-element elementor-element-464e50e\" data-id=\"464e50e\" data-element_type=\"column\" data-e-type=\"column\">\n\t\t\t<div class=\"elementor-widget-wrap elementor-element-populated\">\n\t\t\t\t\t\t<div class=\"elementor-element elementor-element-26de1d2 animated-slow elementor-widget elementor-widget-image\" data-id=\"26de1d2\" data-element_type=\"widget\" data-e-type=\"widget\" data-settings=\"{&quot;_animation&quot;:&quot;none&quot;}\" data-widget_type=\"image.default\">\n\t\t\t\t<div class=\"elementor-widget-container\">\n\t\t\t\t\t\t\t\t\t\t\t\t\t\t\t<img decoding=\"async\" src=\"https:\/\/viveka.bio\/wp-content\/uploads\/elementor\/thumbs\/auriculotherapie-qdo4e6xv4si6vfyj70jtyhh2ttgfbihnk4uxl18xds.jpg\" title=\"auriculotherapie\" alt=\"auriculotherapie\" loading=\"lazy\" \/>\t\t\t\t\t\t\t\t\t\t\t\t\t\t\t<\/div>\n\t\t\t\t<\/div>\n\t\t\t\t\t<\/div>\n\t\t<\/div>\n\t\t\t\t\t<\/div>\n\t\t<\/section>\n\t\t\t\t<section class=\"elementor-section elementor-top-section elementor-element elementor-element-4dd4d63 animated-slow elementor-section-boxed elementor-section-height-default elementor-section-height-default elementor-invisible\" data-id=\"4dd4d63\" data-element_type=\"section\" data-e-type=\"section\" data-settings=\"{&quot;animation&quot;:&quot;fadeIn&quot;}\">\n\t\t\t\t\t\t<div class=\"elementor-container elementor-column-gap-default\">\n\t\t\t\t\t<div class=\"elementor-column elementor-col-50 elementor-top-column elementor-element elementor-element-a4a75bf\" data-id=\"a4a75bf\" data-element_type=\"column\" data-e-type=\"column\">\n\t\t\t<div class=\"elementor-widget-wrap elementor-element-populated\">\n\t\t\t\t\t\t<div class=\"elementor-element elementor-element-3bb01cf animated-fast elementor-widget elementor-widget-image\" data-id=\"3bb01cf\" data-element_type=\"widget\" data-e-type=\"widget\" data-settings=\"{&quot;_animation&quot;:&quot;none&quot;}\" data-widget_type=\"image.default\">\n\t\t\t\t<div class=\"elementor-widget-container\">\n\t\t\t\t\t\t\t\t\t\t\t\t\t\t\t<img decoding=\"async\" width=\"800\" height=\"534\" src=\"https:\/\/viveka.bio\/wp-content\/uploads\/2023\/10\/aromatherapie-1024x683.jpeg\" class=\"attachment-large size-large wp-image-1071\" alt=\"\" srcset=\"https:\/\/viveka.bio\/wp-content\/uploads\/2023\/10\/aromatherapie-1024x683.jpeg 1024w, https:\/\/viveka.bio\/wp-content\/uploads\/2023\/10\/aromatherapie-600x400.jpeg 600w, https:\/\/viveka.bio\/wp-content\/uploads\/2023\/10\/aromatherapie-300x200.jpeg 300w, https:\/\/viveka.bio\/wp-content\/uploads\/2023\/10\/aromatherapie-768x512.jpeg 768w, https:\/\/viveka.bio\/wp-content\/uploads\/2023\/10\/aromatherapie.jpeg 1200w\" sizes=\"(max-width: 800px) 100vw, 800px\" \/>\t\t\t\t\t\t\t\t\t\t\t\t\t\t\t<\/div>\n\t\t\t\t<\/div>\n\t\t\t\t\t<\/div>\n\t\t<\/div>\n\t\t\t\t<div class=\"elementor-column elementor-col-50 elementor-top-column elementor-element elementor-element-6aad59c\" data-id=\"6aad59c\" data-element_type=\"column\" data-e-type=\"column\">\n\t\t\t<div class=\"elementor-widget-wrap elementor-element-populated\">\n\t\t\t\t\t\t<div class=\"elementor-element elementor-element-2650239 animated-fast elementor-widget elementor-widget-text-editor\" data-id=\"2650239\" data-element_type=\"widget\" data-e-type=\"widget\" data-settings=\"{&quot;_animation&quot;:&quot;none&quot;}\" data-widget_type=\"text-editor.default\">\n\t\t\t\t<div class=\"elementor-widget-container\">\n\t\t\t\t\t\t\t\t\t<p style=\"color: #6c4894; font-size: 22px;\"><span style=\"font-weight: bolder;\"><u>Aromath\u00e9rapie<\/u><\/span><\/p><p style=\"color: #6c4894; font-size: 22px;\">Cette pratique d\u00e9signe de mani\u00e8re g\u00e9n\u00e9rale\u00a0l&rsquo;utilisation des compos\u00e9s aromatiques des plantes, la plupart du temps sous forme d&rsquo;huiles essentielles (tr\u00e8s souvent obtenues par distillation), dans une optique de pr\u00e9vention et de soulagement de certains troubles ainsi que de bien-\u00eatre et d&rsquo;apaisement.<\/p>\t\t\t\t\t\t\t\t<\/div>\n\t\t\t\t<\/div>\n\t\t\t\t\t<\/div>\n\t\t<\/div>\n\t\t\t\t\t<\/div>\n\t\t<\/section>\n\t\t\t\t<section class=\"elementor-section elementor-top-section elementor-element elementor-element-047181b animated-slow elementor-section-boxed elementor-section-height-default elementor-section-height-default elementor-invisible\" data-id=\"047181b\" data-element_type=\"section\" data-e-type=\"section\" data-settings=\"{&quot;animation&quot;:&quot;fadeIn&quot;}\">\n\t\t\t\t\t\t<div class=\"elementor-container elementor-column-gap-default\">\n\t\t\t\t\t<div class=\"elementor-column elementor-col-50 elementor-top-column elementor-element elementor-element-24ff42c\" data-id=\"24ff42c\" data-element_type=\"column\" data-e-type=\"column\">\n\t\t\t<div class=\"elementor-widget-wrap elementor-element-populated\">\n\t\t\t\t\t\t<div class=\"elementor-element elementor-element-81cab8d animated-fast elementor-widget elementor-widget-text-editor\" data-id=\"81cab8d\" data-element_type=\"widget\" data-e-type=\"widget\" data-settings=\"{&quot;_animation&quot;:&quot;none&quot;}\" data-widget_type=\"text-editor.default\">\n\t\t\t\t<div class=\"elementor-widget-container\">\n\t\t\t\t\t\t\t\t\t<p style=\"color: #6c4894; font-size: 22px;\"><span style=\"font-weight: bolder;\"><u>Bior\u00e9sonance<\/u><\/span><\/p><p style=\"color: #6c4894; font-size: 22px;\">C\u2019est une m\u00e9thode d\u2019analyse \u00e9nerg\u00e9tique corporelle qui se base sur les ondes produites par les \u00eatres vivants. Chaque organisme \u00e9met et capte des rayonnements sous forme d&rsquo;ondes hertziennes. Ces ondes peuvent ensuite \u00eatre analys\u00e9es \u00e0 l\u2019aide d\u2019appareils qui vont v\u00e9rifier <span style=\"font-weight: bolder;\">la qualit\u00e9 vibratoire et \u00e9nerg\u00e9tique<\/span>\u00a0des organes et corriger les d\u00e9s\u00e9quilibres, soit dans un but pr\u00e9ventif, soit pour aider \u00e0 la gu\u00e9rison de certaines pathologies. Comme on sait qu\u2019il est possible d\u2019agir sur une\u00a0<span style=\"font-weight: bolder;\">onde<\/span><span style=\"font-weight: bolder;\">,<\/span>\u00a0gr\u00e2ce \u00e0 une autre onde, les appareils de bior\u00e9sonance peuvent \u00ab r\u00e9informer \u00bb les cellules et ainsi, les\u00a0<span style=\"font-weight: bolder;\">r\u00e9\u00e9quilibrer<\/span><span style=\"font-weight: bolder;\">\u00a0<\/span>en envoyant des ondes aux\u00a0<span style=\"font-weight: bolder;\">fr\u00e9quences souhait\u00e9es.\u00a0<\/span><\/p><p style=\"color: #6c4894; font-size: 22px;\">\u00a0<\/p><p style=\"color: #6c4894; font-size: 22px;\">\u00a0<\/p>\t\t\t\t\t\t\t\t<\/div>\n\t\t\t\t<\/div>\n\t\t\t\t\t<\/div>\n\t\t<\/div>\n\t\t\t\t<div class=\"elementor-column elementor-col-50 elementor-top-column elementor-element elementor-element-c86211b\" data-id=\"c86211b\" data-element_type=\"column\" data-e-type=\"column\">\n\t\t\t<div class=\"elementor-widget-wrap elementor-element-populated\">\n\t\t\t\t\t\t<div class=\"elementor-element elementor-element-ad106eb animated-slow elementor-widget elementor-widget-image\" data-id=\"ad106eb\" data-element_type=\"widget\" data-e-type=\"widget\" data-settings=\"{&quot;_animation&quot;:&quot;none&quot;}\" data-widget_type=\"image.default\">\n\t\t\t\t<div class=\"elementor-widget-container\">\n\t\t\t\t\t\t\t\t\t\t\t\t\t\t\t<img loading=\"lazy\" decoding=\"async\" width=\"768\" height=\"446\" src=\"https:\/\/viveka.bio\/wp-content\/uploads\/2023\/10\/oberon-768x446.jpg\" class=\"attachment-medium_large size-medium_large wp-image-1052\" alt=\"\" srcset=\"https:\/\/viveka.bio\/wp-content\/uploads\/2023\/10\/oberon-768x446.jpg 768w, https:\/\/viveka.bio\/wp-content\/uploads\/2023\/10\/oberon-600x349.jpg 600w, https:\/\/viveka.bio\/wp-content\/uploads\/2023\/10\/oberon-300x174.jpg 300w, https:\/\/viveka.bio\/wp-content\/uploads\/2023\/10\/oberon.jpg 800w\" sizes=\"(max-width: 768px) 100vw, 768px\" \/>\t\t\t\t\t\t\t\t\t\t\t\t\t\t\t<\/div>\n\t\t\t\t<\/div>\n\t\t\t\t\t<\/div>\n\t\t<\/div>\n\t\t\t\t\t<\/div>\n\t\t<\/section>\n\t\t\t\t<section class=\"elementor-section elementor-top-section elementor-element elementor-element-d33bbf2 animated-slow elementor-section-boxed elementor-section-height-default elementor-section-height-default elementor-invisible\" data-id=\"d33bbf2\" data-element_type=\"section\" data-e-type=\"section\" data-settings=\"{&quot;animation&quot;:&quot;fadeIn&quot;}\">\n\t\t\t\t\t\t<div class=\"elementor-container elementor-column-gap-default\">\n\t\t\t\t\t<div class=\"elementor-column elementor-col-50 elementor-top-column elementor-element elementor-element-d934259\" data-id=\"d934259\" data-element_type=\"column\" data-e-type=\"column\">\n\t\t\t<div class=\"elementor-widget-wrap elementor-element-populated\">\n\t\t\t\t\t\t<div class=\"elementor-element elementor-element-ce5b28d elementor-widget elementor-widget-image\" data-id=\"ce5b28d\" data-element_type=\"widget\" data-e-type=\"widget\" data-settings=\"{&quot;_animation&quot;:&quot;none&quot;}\" data-widget_type=\"image.default\">\n\t\t\t\t<div class=\"elementor-widget-container\">\n\t\t\t\t\t\t\t\t\t\t\t\t\t\t\t<img loading=\"lazy\" decoding=\"async\" width=\"768\" height=\"471\" src=\"https:\/\/viveka.bio\/wp-content\/uploads\/2024\/03\/patrick-compartaif-photos-768x471.png\" class=\"attachment-medium_large size-medium_large wp-image-1338\" alt=\"\" srcset=\"https:\/\/viveka.bio\/wp-content\/uploads\/2024\/03\/patrick-compartaif-photos-768x471.png 768w, https:\/\/viveka.bio\/wp-content\/uploads\/2024\/03\/patrick-compartaif-photos-600x368.png 600w, https:\/\/viveka.bio\/wp-content\/uploads\/2024\/03\/patrick-compartaif-photos-300x184.png 300w, https:\/\/viveka.bio\/wp-content\/uploads\/2024\/03\/patrick-compartaif-photos.png 906w\" sizes=\"(max-width: 768px) 100vw, 768px\" \/>\t\t\t\t\t\t\t\t\t\t\t\t\t\t\t<\/div>\n\t\t\t\t<\/div>\n\t\t\t\t\t<\/div>\n\t\t<\/div>\n\t\t\t\t<div class=\"elementor-column elementor-col-50 elementor-top-column elementor-element elementor-element-8af8e8a\" data-id=\"8af8e8a\" data-element_type=\"column\" data-e-type=\"column\">\n\t\t\t<div class=\"elementor-widget-wrap elementor-element-populated\">\n\t\t\t\t\t\t<div class=\"elementor-element elementor-element-7e39c0a elementor-widget elementor-widget-text-editor\" data-id=\"7e39c0a\" data-element_type=\"widget\" data-e-type=\"widget\" data-settings=\"{&quot;_animation&quot;:&quot;none&quot;}\" data-widget_type=\"text-editor.default\">\n\t\t\t\t<div class=\"elementor-widget-container\">\n\t\t\t\t\t\t\t\t\t<p><span style=\"color: #6c4894; font-size: 22px;\">La bior\u00e9sonance est utilis\u00e9e pour faire un bilan global de l\u2019organisme, pour rep\u00e9rer \u00e9ventuellement des <\/span><span style=\"color: #6c4894; font-size: 22px; font-weight: bolder;\">anomalies \u00e9lectromagn\u00e9tiques\u00a0<\/span><span style=\"color: #6c4894; font-size: 22px;\">au sein des organes et les rectifier en utilisant des ondes correctrices qui sont envoy\u00e9es vers l\u2019organisme. <\/span><\/p><p><span style=\"color: #6c4894; font-size: 22px;\">Elle sert \u00e9galement \u00e0 suivre l&rsquo;\u00e9volution de l&rsquo;\u00e9tat des organes et micro-organismes pr\u00e9sents dans le corps.<\/span><\/p><p>\u00a0<\/p><p>\u00a0<\/p>\t\t\t\t\t\t\t\t<\/div>\n\t\t\t\t<\/div>\n\t\t\t\t\t<\/div>\n\t\t<\/div>\n\t\t\t\t\t<\/div>\n\t\t<\/section>\n\t\t\t\t<section class=\"elementor-section elementor-top-section elementor-element elementor-element-919b804 animated-slow elementor-section-boxed elementor-section-height-default elementor-section-height-default elementor-invisible\" data-id=\"919b804\" data-element_type=\"section\" data-e-type=\"section\" data-settings=\"{&quot;animation&quot;:&quot;fadeIn&quot;}\">\n\t\t\t\t\t\t<div class=\"elementor-container elementor-column-gap-default\">\n\t\t\t\t\t<div class=\"elementor-column elementor-col-50 elementor-top-column elementor-element elementor-element-ffdb43e\" data-id=\"ffdb43e\" data-element_type=\"column\" data-e-type=\"column\">\n\t\t\t<div class=\"elementor-widget-wrap elementor-element-populated\">\n\t\t\t\t\t\t<div class=\"elementor-element elementor-element-678e8ee elementor-widget elementor-widget-text-editor\" data-id=\"678e8ee\" data-element_type=\"widget\" data-e-type=\"widget\" data-widget_type=\"text-editor.default\">\n\t\t\t\t<div class=\"elementor-widget-container\">\n\t\t\t\t\t\t\t\t\t<p style=\"color: #6c4894; font-size: 22px;\"><span style=\"font-weight: bolder;\"><u>Sonoth\u00e9rapie<\/u><\/span><\/p><p style=\"color: #6c4894; font-size: 22px;\">La sonoth\u00e9rapie ou sonologie est une discipline du bien-\u00eatre bas\u00e9e sur l\u2019utilisation de sons.\u00a0 Notre corps, tr\u00e8s sensible aux vibrations \u00e9mises par les diff\u00e9rents instruments utilis\u00e9s lors de la s\u00e9ance, est alors plong\u00e9 dans un \u00e9tat de d\u00e9tente profonde.<\/p><p style=\"color: #6c4894; font-size: 22px;\">La stimulation par vibrations sonores permet de se d\u00e9lester du stress, des ruminations, des angoisses et des pr\u00e9occupations que nous accumulons au quotidien.<\/p>\t\t\t\t\t\t\t\t<\/div>\n\t\t\t\t<\/div>\n\t\t\t\t\t<\/div>\n\t\t<\/div>\n\t\t\t\t<div class=\"elementor-column elementor-col-50 elementor-top-column elementor-element elementor-element-c0d7b8a\" data-id=\"c0d7b8a\" data-element_type=\"column\" data-e-type=\"column\">\n\t\t\t<div class=\"elementor-widget-wrap elementor-element-populated\">\n\t\t\t\t\t\t<div class=\"elementor-element elementor-element-faa46cd animated-fast elementor-widget elementor-widget-image\" data-id=\"faa46cd\" data-element_type=\"widget\" data-e-type=\"widget\" data-settings=\"{&quot;_animation&quot;:&quot;none&quot;}\" data-widget_type=\"image.default\">\n\t\t\t\t<div class=\"elementor-widget-container\">\n\t\t\t\t\t\t\t\t\t\t\t\t\t\t\t<img loading=\"lazy\" decoding=\"async\" width=\"800\" height=\"451\" src=\"https:\/\/viveka.bio\/wp-content\/uploads\/2023\/10\/goutteEau-1024x577.jpg\" class=\"attachment-large size-large wp-image-1060\" alt=\"\" srcset=\"https:\/\/viveka.bio\/wp-content\/uploads\/2023\/10\/goutteEau-1024x577.jpg 1024w, https:\/\/viveka.bio\/wp-content\/uploads\/2023\/10\/goutteEau-scaled-600x338.jpg 600w, https:\/\/viveka.bio\/wp-content\/uploads\/2023\/10\/goutteEau-300x169.jpg 300w, https:\/\/viveka.bio\/wp-content\/uploads\/2023\/10\/goutteEau-768x432.jpg 768w, https:\/\/viveka.bio\/wp-content\/uploads\/2023\/10\/goutteEau-1536x865.jpg 1536w, https:\/\/viveka.bio\/wp-content\/uploads\/2023\/10\/goutteEau-2048x1153.jpg 2048w\" sizes=\"(max-width: 800px) 100vw, 800px\" \/>\t\t\t\t\t\t\t\t\t\t\t\t\t\t\t<\/div>\n\t\t\t\t<\/div>\n\t\t\t\t\t<\/div>\n\t\t<\/div>\n\t\t\t\t\t<\/div>\n\t\t<\/section>\n\t\t\t\t<\/div>\n\t\t","protected":false},"excerpt":{"rendered":"<p>Bilan g\u00e9n\u00e9ral\u00a0 Ce bilan n\u00e9cessite d\u2019\u00eatre le plus complet possible. Il concerne l\u2019ensemble des comportements alimentaires, le syst\u00e8me digestif, le sommeil, la gestion du stress et des \u00e9motions de la personne. C\u2019est un \u00e9change qui permet de prioriser les demandes et de chercher la cause de la cause\u00a0 tout en appr\u00e9hendant les habitudes et les [&hellip;]<\/p>\n","protected":false},"author":2,"featured_media":0,"parent":0,"menu_order":0,"comment_status":"closed","ping_status":"closed","template":"","meta":{"footnotes":""},"class_list":["post-15","page","type-page","status-publish","hentry"],"jetpack_sharing_enabled":true,"_links":{"self":[{"href":"https:\/\/viveka.bio\/index.php\/wp-json\/wp\/v2\/pages\/15","targetHints":{"allow":["GET"]}}],"collection":[{"href":"https:\/\/viveka.bio\/index.php\/wp-json\/wp\/v2\/pages"}],"about":[{"href":"https:\/\/viveka.bio\/index.php\/wp-json\/wp\/v2\/types\/page"}],"author":[{"embeddable":true,"href":"https:\/\/viveka.bio\/index.php\/wp-json\/wp\/v2\/users\/2"}],"replies":[{"embeddable":true,"href":"https:\/\/viveka.bio\/index.php\/wp-json\/wp\/v2\/comments?post=15"}],"version-history":[{"count":125,"href":"https:\/\/viveka.bio\/index.php\/wp-json\/wp\/v2\/pages\/15\/revisions"}],"predecessor-version":[{"id":1782,"href":"https:\/\/viveka.bio\/index.php\/wp-json\/wp\/v2\/pages\/15\/revisions\/1782"}],"wp:attachment":[{"href":"https:\/\/viveka.bio\/index.php\/wp-json\/wp\/v2\/media?parent=15"}],"curies":[{"name":"wp","href":"https:\/\/api.w.org\/{rel}","templated":true}]}}